{"id":441,"date":"2024-08-21T04:13:23","date_gmt":"2024-08-21T04:13:23","guid":{"rendered":"https:\/\/crealo.cl\/?page_id=441"},"modified":"2025-10-30T14:48:15","modified_gmt":"2025-10-30T18:48:15","slug":"admision-2025","status":"publish","type":"page","link":"https:\/\/www.colegioiac.cl\/?page_id=441","title":{"rendered":"Admisi\u00f3n 2025"},"content":{"rendered":"<p>[et_pb_section fb_built=\u00bb1&#8243; _builder_version=\u00bb4.27.0&#8243; _module_preset=\u00bbdefault\u00bb background_color=\u00bb#2d406a\u00bb custom_margin=\u00bb||||false|false\u00bb custom_padding=\u00bb||||false|false\u00bb top_divider_color=\u00bb#FFFFFF\u00bb top_divider_height=\u00bb99px\u00bb bottom_divider_style=\u00bbarrow2&#8243; bottom_divider_color=\u00bb#FFFFFF\u00bb bottom_divider_height=\u00bb98px\u00bb global_colors_info=\u00bb{}\u00bb][et_pb_row column_structure=\u00bb1_2,1_2&#8243; _builder_version=\u00bb4.27.0&#8243; _module_preset=\u00bbdefault\u00bb custom_margin=\u00bb50px||||false|false\u00bb custom_margin_tablet=\u00bb50px||||false|false\u00bb custom_margin_phone=\u00bb50px||||false|false\u00bb custom_margin_last_edited=\u00bbon|phone\u00bb global_colors_info=\u00bb{}\u00bb][et_pb_column type=\u00bb1_2&#8243; _builder_version=\u00bb4.27.0&#8243; _module_preset=\u00bbdefault\u00bb global_colors_info=\u00bb{}\u00bb][et_pb_text _builder_version=\u00bb4.27.4&#8243; _module_preset=\u00bbdefault\u00bb text_font=\u00bbLato||||||||\u00bb text_text_color=\u00bb#FFFFFF\u00bb text_font_size=\u00bb18px\u00bb header_font=\u00bbRaleway|700|||||||\u00bb header_text_color=\u00bb#FFFFFF\u00bb text_orientation=\u00bbjustified\u00bb custom_margin=\u00bb||||false|false\u00bb custom_padding=\u00bb||60px||false|false\u00bb text_font_size_tablet=\u00bb19px\u00bb text_font_size_phone=\u00bb13px\u00bb text_font_size_last_edited=\u00bbon|phone\u00bb header_text_shadow_style=\u00bbpreset1&#8243; global_colors_info=\u00bb{}\u00bb]<\/p>\n<div class=\"post-heading\">\n<h1>PROCESO DE ADMISI\u00d3N A\u00d1O ACAD\u00c9MICO 2026<span class=\"heading-author\"><\/span><\/h1>\n<p>Revisa la n\u00f3mina oficial de futuros alumnos del Instituto Abd\u00f3n Cifuentes para Prekinder 2026<\/p>\n<p><a href=\"https:\/\/www.colegioiac.cl\/?p=30529\"><span>N\u00f3mina Pre-Kinder 2026 aceptados<\/span><\/a><\/p>\n<p><span><\/span><\/p>\n<p>El proceso de Admisi\u00f3n a\u00a0<strong>Prek\u00ednder 2026<\/strong>\u00a0otorga prioridad de ingreso a las familias de nuestra comunidad educativa, entendi\u00e9ndose por ello: hermanos o hermanas de alumnos, hijos de funcionarios e hijos de exalumnos egresados de 4\u00b0 medio del IAC, en el mismo orden de prioridad y familias nuevas que quieran ser parte de la Comunidad, quienes de igual manera deben cumplir con cada una de las etapas que el proceso requiere.<\/p>\n<p><strong>\u00a0<\/strong><\/p>\n<p><strong>PER\u00cdODO DE POSTULACI\u00d3N A PRE KINDER 2026<\/strong><\/p>\n<p><strong>A.- Pre-Inscripci\u00f3n:<\/strong>\u00a0El proceso de preinscripci\u00f3n, est\u00e1 permanentemente abierto en la secretar\u00eda del colegio, a trav\u00e9s del correo\u00a0<a href=\"mailto:secretaria@colegioiac.cl\">secretaria@colegioiac.cl<\/a>., o v\u00eda telef\u00f3nica (+56 34 2381283 \u2013 34 2381284), donde se debe informar lo siguiente:<\/p>\n<ul>\n<li>Nombre completo del alumno.<\/li>\n<li>RUN<\/li>\n<li>Fecha de nacimiento<\/li>\n<li>Nombre de los padres y\/o tutores legales<\/li>\n<li>Correo electr\u00f3nico y tel\u00e9fono de los padres y\/o tutores legales.<\/li>\n<\/ul>\n<p><strong>B.- Inscripci\u00f3n:<\/strong><\/p>\n<ul>\n<li>A partir del\u00a0lunes 07 de abril, las familias podr\u00e1n retirar el Formulario de Postulaci\u00f3n en la Secretar\u00eda del Colegio.<\/li>\n<li>Cancelar derecho establecido, al momento de iniciar formalmente el Proceso de Admisi\u00f3n por un valor de $ 75.000.-<\/li>\n<li>El plazo para la entrega del formulario hasta el\u00a0<strong>jueves 17 de abril.<\/strong><\/li>\n<li><strong><\/strong><\/li>\n<\/ul>\n<p><strong>C.- Requisitos de postulaci\u00f3n<\/strong><\/p>\n<ul>\n<li>Completar el Formulario de Postulaci\u00f3n al Proceso de Admisi\u00f3n.<\/li>\n<li>Edad del postulante a Prek\u00ednder: 4 a\u00f1os cumplidos al 31 de marzo del a\u00f1o 2026.<\/li>\n<li>Incorporar la siguiente documentaci\u00f3n en el Formulario de Postulaci\u00f3n:<\/li>\n<ul>\n<li>Certificado de Nacimiento original completo.<\/li>\n<li>Informe del Jard\u00edn Infantil (solo si est\u00e1 asistiendo)<\/li>\n<li>Foto tama\u00f1o carnet con nombre y rut.<\/li>\n<\/ul>\n<\/ul>\n<p><strong>D.- Informaci\u00f3n de aranceles referenciales 2025 <\/strong><\/p>\n<table width=\"620\">\n<tbody>\n<tr>\n<td width=\"369\">Proceso de Admisi\u00f3n 2026<\/td>\n<td width=\"170\">\u00a0$ 75.000.-<\/td>\n<\/tr>\n<tr>\n<td width=\"369\">Matr\u00edcula A\u00f1o 2025<\/td>\n<td width=\"170\">\u00a0$ 290.000.-<\/td>\n<\/tr>\n<tr>\n<td width=\"369\">Escolaridad Prek\u00ednder y k\u00ednder 2025<\/td>\n<td width=\"170\">\u00a084 UF anuales<\/td>\n<\/tr>\n<tr>\n<td width=\"369\">Escolaridad Educaci\u00f3n B\u00e1sica y Media 2025<\/td>\n<td width=\"170\">\u00a088 UF anuales<\/td>\n<\/tr>\n<tr>\n<td width=\"369\">Centro de Padres y Apoderados<strong>*<\/strong><\/td>\n<td width=\"170\">\u00a0$ 25.000 (Por familia)<\/td>\n<\/tr>\n<tr>\n<td width=\"369\">Centro de Alumnos (CAIAC) 2025<\/td>\n<td width=\"170\">\u00a0$ 8.000 (Por familia)<\/td>\n<\/tr>\n<\/tbody>\n<\/table>\n<p><strong>*<\/strong> El arancel del Centro de Padres es referencial, ya que este estamento es aut\u00f3nomo.<\/p>\n<p>El valor presentado corresponde al a\u00f1o 2025.<strong>\u00a0<\/strong><strong><\/strong><\/p>\n<p><strong><\/strong><\/p>\n<p><strong>E.- Consideraciones generales del proceso de postulaci\u00f3n<\/strong><\/p>\n<ul>\n<li>Las fechas en que se aplicar\u00e1 el Test de Diagn\u00f3stico de Madurez a los postulantes, ser\u00e1n informadas, v\u00eda llamada telef\u00f3nica, a cada una de las familias. Este consiste en una apreciaci\u00f3n cualitativa y cuantitativa, que se realiza en base a la observaci\u00f3n de la conducta en situaci\u00f3n grupal y aplicaci\u00f3n de instrumentos gr\u00e1ficos y orales.<\/li>\n<li>Las entrevistas con los padres y\/o apoderados son parte prioritaria de este proceso y est\u00e1n programadas para realizarlas durante junio previa citaci\u00f3n por parte de secretar\u00eda, v\u00eda telef\u00f3nica. Dicha entrevista ser\u00e1 coordinada para efectuarse en forma personal. \u00c9sta ser\u00e1 una instancia para conocer su adhesi\u00f3n al Proyecto Educativo del IAC.<\/li>\n<li>Despu\u00e9s de un proceso de discernimiento de parte de la Direcci\u00f3n del Colegio y del Equipo de Admisi\u00f3n, quienes considerar\u00e1n los resultados obtenidos por los postulantes en los instrumentos aplicados y la afinidad de la familia con el Proyecto Educativo del Colegio, se determinar\u00e1 la n\u00f3mina de postulantes seleccionados y la lista de espera.<\/li>\n<li>Los resultados del proceso de Admisi\u00f3n Pre-K\u00ednder 2026 ser\u00e1n comunicados el d\u00eda <strong>30 de mayo<\/strong>\u00a0del a\u00f1o 2025, a trav\u00e9s de la p\u00e1gina web del colegio y mediante correo electr\u00f3nico a cada uno de los alumnos postulantes.<\/li>\n<li>En caso de que \u00e9l o la postulante no sea aceptado\/a, significa que, en el conjunto global de consideraciones, otros postulantes obtuvieron mejores resultados.<\/li>\n<li>El Proceso de Admisi\u00f3n concluye con la matr\u00edcula de los postulantes aceptados.<\/li>\n<\/ul>\n<p>&nbsp;<\/p>\n<p><strong>F.- Vacantes admisi\u00f3n prek\u00ednder 2026.\u00a0<\/strong><\/p>\n<ul>\n<li>64 vacantes distribuidas en dos cursos de 32 alumnos\/as cada uno.<\/li>\n<\/ul>\n<p><strong>G.- Matr\u00edcula de alumnos\/as aceptados\/as<\/strong><\/p>\n<ul>\n<li>Las matr\u00edculas se deben realizar desde el\u00a0<strong>lunes 16 de junio al viernes 27 de junio del 2025.<\/strong><\/li>\n<li>Los horarios de atenci\u00f3n de recaudaci\u00f3n ser\u00e1n los siguientes:<br \/><strong>lunes a jueves de 08:00 a 16:00 horas.<br \/>viernes 08:00 a 13:00 horas.<\/strong><\/li>\n<li>Los alumnos\/as aceptados que\u00a0<strong>no matriculen<\/strong>\u00a0en el per\u00edodo estipulado dar\u00e1n origen a la p\u00e9rdida de la vacante y se llamar\u00e1 al primer postulante de la lista de espera.<\/li>\n<\/ul>\n<p>&nbsp;<\/p>\n<p><strong>DESCUENTOS POR HERMANOS<\/strong>\u00a0<strong>REFERENCIAL A\u00d1O 2025<\/strong><\/p>\n<table width=\"620\">\n<tbody>\n<tr>\n<td width=\"179\"><strong>PRE-KINDER Y KINDER<\/strong><\/td>\n<td width=\"221\"><strong>% DESCUENTO<\/strong><\/td>\n<td width=\"221\"><strong>ANUAL<\/strong><\/td>\n<\/tr>\n<tr>\n<td width=\"179\"><\/td>\n<td width=\"221\"><\/td>\n<td width=\"221\">84 UF<\/td>\n<\/tr>\n<tr>\n<td width=\"179\">2\u00b0 Hermano<\/td>\n<td width=\"221\">5%<\/td>\n<td width=\"221\">79,8 UF<\/td>\n<\/tr>\n<tr>\n<td width=\"179\">3\u00b0 Hermano<\/td>\n<td width=\"221\">30%<\/td>\n<td width=\"221\">58,8 UF<\/td>\n<\/tr>\n<tr>\n<td width=\"179\">4\u00b0 y m\u00e1s Hermanos<\/td>\n<td width=\"221\">40%<\/td>\n<td width=\"221\">50,4 UF<\/td>\n<\/tr>\n<\/tbody>\n<\/table>\n<p>&nbsp;<\/p>\n<table width=\"620\">\n<tbody>\n<tr>\n<td width=\"179\"><strong>1\u00b0 BASICO A IV\u00b0 MEDIO<\/strong><\/td>\n<td width=\"221\"><strong>% DESCUENTO<\/strong><\/td>\n<td width=\"221\"><strong>ANUAL<\/strong><\/td>\n<\/tr>\n<tr>\n<td width=\"179\"><\/td>\n<td width=\"221\"><\/td>\n<td width=\"221\">88 UF<\/td>\n<\/tr>\n<tr>\n<td width=\"179\">2\u00b0 Hermano<\/td>\n<td width=\"221\">5%<\/td>\n<td width=\"221\">83,6 UF<\/td>\n<\/tr>\n<tr>\n<td width=\"179\">3\u00b0 Hermano<\/td>\n<td width=\"221\">30%<\/td>\n<td width=\"221\">61,6 UF<\/td>\n<\/tr>\n<tr>\n<td width=\"179\">4\u00b0 y m\u00e1s Hermanos<\/td>\n<td width=\"221\">40%<\/td>\n<td width=\"221\">52,8 UF<\/td>\n<\/tr>\n<\/tbody>\n<\/table>\n<p><strong>\u00a0<\/strong><\/p>\n<p><strong>PROCESO DE POSTULACI\u00d3N A OTROS NIVELES<\/strong><\/p>\n<ul>\n<li>Este proceso se abrir\u00e1 s\u00f3lo en caso de que existan vacantes disponibles. A continuaci\u00f3n se adjunta vacantes para proceso de admisi\u00f3n 2026:<\/li>\n<\/ul>\n<table width=\"359\">\n<tbody>\n<tr>\n<td rowspan=\"2\" width=\"176\">\n<p><strong>CURSOS<\/strong><\/p>\n<\/td>\n<td width=\"183\">\n<p style=\"text-align: center;\"><strong>VACANTES<\/strong><\/p>\n<\/td>\n<\/tr>\n<tr>\n<td width=\"183\">\n<p style=\"text-align: center;\"><strong>2026<\/strong><\/p>\n<\/td>\n<\/tr>\n<tr>\n<td width=\"176\">\n<p><strong>\u00a0<\/strong><\/p>\n<\/td>\n<td width=\"183\">\n<p>&nbsp;<\/p>\n<\/td>\n<\/tr>\n<tr>\n<td width=\"176\">\n<p>PRE-KINDER<\/p>\n<\/td>\n<td width=\"183\">\n<p>0<\/p>\n<\/td>\n<\/tr>\n<tr>\n<td width=\"176\">\n<p>KINDER<\/p>\n<\/td>\n<td width=\"183\">\n<p>8<\/p>\n<\/td>\n<\/tr>\n<tr>\n<td width=\"176\">\n<p>PRIMERO BASICO<\/p>\n<\/td>\n<td width=\"183\">\n<p>0<\/p>\n<\/td>\n<\/tr>\n<tr>\n<td width=\"176\">\n<p>SEGUNDO BASICO<\/p>\n<\/td>\n<td width=\"183\">\n<p>3<\/p>\n<\/td>\n<\/tr>\n<tr>\n<td width=\"176\">\n<p>TERCERO BASICO<\/p>\n<\/td>\n<td width=\"183\">\n<p>0<\/p>\n<\/td>\n<\/tr>\n<tr>\n<td width=\"176\">\n<p>CUARTO BASICO<\/p>\n<\/td>\n<td width=\"183\">\n<p>0<\/p>\n<\/td>\n<\/tr>\n<tr>\n<td width=\"176\">\n<p>QUINTO BASICO<\/p>\n<\/td>\n<td width=\"183\">\n<p>0<\/p>\n<\/td>\n<\/tr>\n<tr>\n<td width=\"176\">\n<p>SEXTO BASICO<\/p>\n<\/td>\n<td width=\"183\">\n<p>0<\/p>\n<\/td>\n<\/tr>\n<tr>\n<td width=\"176\">\n<p>SEPTIMO BASICO<\/p>\n<\/td>\n<td width=\"183\">\n<p>0<\/p>\n<\/td>\n<\/tr>\n<tr>\n<td width=\"176\">\n<p>OCTAVO BASICO<\/p>\n<\/td>\n<td width=\"183\">\n<p>0<\/p>\n<\/td>\n<\/tr>\n<tr>\n<td width=\"176\">\n<p>PRIMERO MEDIO<\/p>\n<\/td>\n<td width=\"183\">\n<p>0<\/p>\n<\/td>\n<\/tr>\n<tr>\n<td width=\"176\">\n<p>SEGUNDO MEDIO<\/p>\n<\/td>\n<td width=\"183\">\n<p>0<\/p>\n<\/td>\n<\/tr>\n<tr>\n<td width=\"176\">\n<p>TERCERO MEDIO<\/p>\n<\/td>\n<td width=\"183\">\n<p>0<\/p>\n<\/td>\n<\/tr>\n<tr>\n<td width=\"176\">\n<p>CUARTO MEDIO<\/p>\n<\/td>\n<td width=\"183\">\n<p>0<\/p>\n<\/td>\n<\/tr>\n<\/tbody>\n<\/table>\n<ul>\n<li>Existe un Registro de Pre- inscripci\u00f3n en la secretar\u00eda del colegio,(<a href=\"mailto:secretar%C3%ADa@colegioiac.cl\">secretar\u00eda@colegioiac.cl<\/a>), el cual est\u00e1 permanentemente abierto.<\/li>\n<li>En la eventualidad de generarse vacantes, se avisar\u00e1 telef\u00f3nicamente a los inscritos en el Registro de Pre- inscripci\u00f3n para que confirmen su intenci\u00f3n de postulaci\u00f3n retirando el Formulario de Postulaci\u00f3n, en la Secretar\u00eda del Colegio, adjuntando los siguientes documentos:<\/li>\n<ul>\n<li>Ficha de Postulaci\u00f3n completa y cancelaci\u00f3n del proceso de admisi\u00f3n.<\/li>\n<li>Certificado de Nacimiento<\/li>\n<li>Certificado de Notas de los \u00faltimos dos a\u00f1os cursados.<\/li>\n<li>Informe de Desarrollo Personal del a\u00f1o anterior.<\/li>\n<li>Informe de Notas del a\u00f1o en curso.<\/li>\n<li>Una foto tama\u00f1o carn\u00e9.<\/li>\n<li>Edad del postulante a k\u00ednder: 5 a\u00f1os cumplidos al 31 de marzo del a\u00f1o 2026.<\/li>\n<li>Edad del postulante a Primero B\u00e1sico: 6 a\u00f1os cumplidos al 31 de marzo del a\u00f1o 2026.<\/li>\n<li>En la misma instancia anterior, la secretar\u00eda del colegio les informar\u00e1 el plazo para recepcionar los\u00a0<strong>Formularios de Postulaci\u00f3n<\/strong> y las fechas de evaluaciones y entrevistas.<\/li>\n<\/ul>\n<\/ul>\n<p><strong>La Direcci\u00f3n <\/strong><\/p>\n<\/div>\n<p>[\/et_pb_text][\/et_pb_column][et_pb_column type=\u00bb1_2&#8243; _builder_version=\u00bb4.27.0&#8243; _module_preset=\u00bbdefault\u00bb global_colors_info=\u00bb{}\u00bb][et_pb_testimonial portrait_url=\u00bbhttps:\/\/colegioiac.cl\/wp-content\/uploads\/2024\/08\/descarga-150&#215;150.png\u00bb quote_icon_color=\u00bb#858587&#8243; _builder_version=\u00bb4.27.0&#8243; _module_preset=\u00bbdefault\u00bb body_font=\u00bbRaleway||||||||\u00bb body_text_color=\u00bb#FFFFFF\u00bb background_color=\u00bb#2d406a\u00bb background_layout=\u00bbdark\u00bb width=\u00bb100%\u00bb custom_margin=\u00bb5px||||false|false\u00bb animation_style=\u00bbslide\u00bb locked=\u00bboff\u00bb global_colors_info=\u00bb{}\u00bb]<\/p>\n<h3 class=\"widget-title\">Sitios de Inter\u00e9s MINEDUC<\/h3>\n<p>&nbsp;<\/p>\n<p>&nbsp;<\/p>\n<ul class=\"xoxo blogroll\">\n<li><a href=\"https:\/\/yoestudio.mineduc.cl\/\" target=\"_blank\" rel=\"noopener\">YoEstudio \u2013 Mineduc<\/a><\/li>\n<li><a href=\"http:\/\/www.gratuidad.cl\/\">Gratuidad \u2013 Mineduc<\/a><\/li>\n<li><a href=\"http:\/\/leoprimero.cl\/\" target=\"_blank\" rel=\"noopener\">Leo Primero \u2013 MINEDUC<\/a><\/li>\n<li><a href=\"http:\/\/convivenciaescolar.mineduc.cl\/\" target=\"_blank\" rel=\"noopener\">Convivencia Escolar \u2013 Mineduc<\/a><\/li>\n<li><a href=\"http:\/\/bdescolar.mineduc.cl\/\" target=\"_blank\" rel=\"noopener\">Biblioteca Digital Escolar<\/a><\/li>\n<\/ul>\n<p>[\/et_pb_testimonial][et_pb_accordion open_toggle_text_color=\u00bb#FFFFFF\u00bb closed_toggle_text_color=\u00bb#FFFFFF\u00bb _builder_version=\u00bb4.27.0&#8243; _module_preset=\u00bbdefault\u00bb toggle_text_color=\u00bb#FFFFFF\u00bb toggle_level=\u00bbh2&#8243; toggle_font=\u00bbRaleway||||||||\u00bb body_font=\u00bbRaleway||||||||\u00bb body_text_color=\u00bb#FFFFFF\u00bb background_enable_color=\u00bboff\u00bb width=\u00bb100%\u00bb animation_style=\u00bbslide\u00bb body_text_shadow_style=\u00bbpreset1&#8243; locked=\u00bboff\u00bb global_colors_info=\u00bb{}\u00bb][et_pb_accordion_item title=\u00bbOtros Sitios de Inter\u00e9s\u00bb open=\u00bbon\u00bb open_toggle_text_color=\u00bb#FFFFFF\u00bb _builder_version=\u00bb4.27.0&#8243; _module_preset=\u00bbdefault\u00bb body_font=\u00bbTimes New Roman||||||||\u00bb background_color=\u00bb#2d406a\u00bb background_enable_color=\u00bbon\u00bb global_colors_info=\u00bb{}\u00bb toggle_text_color=\u00bb#FFFFFF\u00bb toggle_font=\u00bbTimes New Roman||||||||\u00bb]<\/p>\n<ul class=\"xoxo blogroll\">\n<li><a href=\"https:\/\/www.mifuturo.cl\/\" target=\"_blank\" rel=\"noopener\">Mi Futuro<\/a><\/li>\n<li><a href=\"https:\/\/www.demre.cl\/\" target=\"_blank\" rel=\"noopener\">DEMRE<\/a><\/li>\n<li><a href=\"http:\/\/portal.beneficiosestudiantiles.cl\/\" target=\"_blank\" rel=\"noopener\">Becas y Cr\u00e9ditos<\/a><\/li>\n<li><a href=\"https:\/\/postulacion.beneficiosestudiantiles.cl\/fuas\/\" target=\"_blank\" rel=\"noopener\">FUAS<\/a><\/li>\n<li><a href=\"https:\/\/www.junaeb.cl\/\" target=\"_blank\" rel=\"noopener\">JUNAEB<\/a><\/li>\n<li><a href=\"http:\/\/www.internetsegura.cl\/\" target=\"_blank\" rel=\"noopener\">Internet Segura y Ciudadan\u00eda Digital<\/a><\/li>\n<\/ul>\n<p>[\/et_pb_accordion_item][\/et_pb_accordion][et_pb_text _builder_version=\u00bb4.27.0&#8243; _module_preset=\u00bbdefault\u00bb text_font=\u00bbTimes New Roman|300|||||||\u00bb text_text_color=\u00bb#FFFFFF\u00bb header_font=\u00bbRaleway||||||||\u00bb header_text_color=\u00bb#FFFFFF\u00bb header_2_font=\u00bbRaleway||||||||\u00bb text_orientation=\u00bbcenter\u00bb background_layout=\u00bbdark\u00bb custom_margin=\u00bb15px||15px||true|false\u00bb custom_padding=\u00bb0px||0px||false|false\u00bb animation_style=\u00bbroll\u00bb locked=\u00bboff\u00bb global_colors_info=\u00bb{}\u00bb]<\/p>\n<h2><strong>Pago Webpay<\/strong><\/h2>\n<p>[\/et_pb_text][et_pb_image src=\u00bbhttps:\/\/colegioiac.cl\/wp-content\/uploads\/2024\/09\/Diseno-sin-titulo-9.png\u00bb title_text=\u00bbDise\u00f1o sin t\u00edtulo (9)\u00bb url=\u00bbhttps:\/\/syscol.com\/notasnet\/pagar?colegio=colegioiac\u00bb show_bottom_space=\u00bboff\u00bb align=\u00bbcenter\u00bb _builder_version=\u00bb4.27.0&#8243; _module_preset=\u00bbdefault\u00bb transform_scale_tablet=\u00bb\u00bb transform_scale_phone=\u00bb80%|80%\u00bb transform_scale_last_edited=\u00bbon|phone\u00bb transform_translate=\u00bb5px|-150px\u00bb transform_translate_tablet=\u00bb5px|-150px\u00bb transform_translate_phone=\u00bb5px|-150px\u00bb transform_translate_last_edited=\u00bbon|desktop\u00bb transform_rotate_tablet=\u00bb\u00bb transform_rotate_phone=\u00bb\u00bb transform_rotate_last_edited=\u00bbon|desktop\u00bb transform_skew_tablet=\u00bb\u00bb transform_skew_phone=\u00bb\u00bb transform_skew_last_edited=\u00bbon|desktop\u00bb transform_origin_tablet=\u00bb\u00bb transform_origin_phone=\u00bb\u00bb transform_origin_last_edited=\u00bbon|desktop\u00bb transform_styles_last_edited=\u00bbon|phone\u00bb custom_margin=\u00bb0px||0px||true|false\u00bb custom_padding=\u00bb0px||0px||true|false\u00bb animation_style=\u00bbslide\u00bb transform_styles_tablet=\u00bb\u00bb transform_styles_phone=\u00bb\u00bb locked=\u00bboff\u00bb global_colors_info=\u00bb{}\u00bb][\/et_pb_image][\/et_pb_column][\/et_pb_row][\/et_pb_section]<\/p>\n","protected":false},"excerpt":{"rendered":"<p>PROCESO DE ADMISI\u00d3N A\u00d1O ACAD\u00c9MICO 2026 Revisa la n\u00f3mina oficial de futuros alumnos del Instituto Abd\u00f3n Cifuentes para Prekinder 2026 N\u00f3mina Pre-Kinder 2026 aceptados El proceso de Admisi\u00f3n a\u00a0Prek\u00ednder 2026\u00a0otorga prioridad de ingreso a las familias de nuestra comunidad educativa, entendi\u00e9ndose por ello: hermanos o hermanas de alumnos, hijos de funcionarios e hijos de exalumnos [&hellip;]<\/p>\n","protected":false},"author":3,"featured_media":0,"parent":0,"menu_order":0,"comment_status":"closed","ping_status":"closed","template":"","meta":{"_et_pb_use_builder":"on","_et_pb_old_content":"<!-- wp:divi\/placeholder \/-->","_et_gb_content_width":"","ngg_post_thumbnail":0,"footnotes":""},"class_list":["post-441","page","type-page","status-publish","hentry"],"_links":{"self":[{"href":"https:\/\/www.colegioiac.cl\/index.php?rest_route=\/wp\/v2\/pages\/441","targetHints":{"allow":["GET"]}}],"collection":[{"href":"https:\/\/www.colegioiac.cl\/index.php?rest_route=\/wp\/v2\/pages"}],"about":[{"href":"https:\/\/www.colegioiac.cl\/index.php?rest_route=\/wp\/v2\/types\/page"}],"author":[{"embeddable":true,"href":"https:\/\/www.colegioiac.cl\/index.php?rest_route=\/wp\/v2\/users\/3"}],"replies":[{"embeddable":true,"href":"https:\/\/www.colegioiac.cl\/index.php?rest_route=%2Fwp%2Fv2%2Fcomments&post=441"}],"version-history":[{"count":37,"href":"https:\/\/www.colegioiac.cl\/index.php?rest_route=\/wp\/v2\/pages\/441\/revisions"}],"predecessor-version":[{"id":31188,"href":"https:\/\/www.colegioiac.cl\/index.php?rest_route=\/wp\/v2\/pages\/441\/revisions\/31188"}],"wp:attachment":[{"href":"https:\/\/www.colegioiac.cl\/index.php?rest_route=%2Fwp%2Fv2%2Fmedia&parent=441"}],"curies":[{"name":"wp","href":"https:\/\/api.w.org\/{rel}","templated":true}]}}